{"id":904,"date":"2026-04-24T15:57:05","date_gmt":"2026-04-24T19:57:05","guid":{"rendered":"https:\/\/www.evenementsattractions.quebec\/boutique\/?post_type=product&#038;p=904"},"modified":"2026-04-24T16:00:04","modified_gmt":"2026-04-24T20:00:04","slug":"etude-sur-la-tarification-des-attractions","status":"publish","type":"product","link":"https:\/\/www.evenementsattractions.quebec\/boutique\/produit\/etude-sur-la-tarification-des-attractions\/","title":{"rendered":"\u00c9tude sur la tarification des attractions"},"content":{"rendered":"<p>Le rapport offre une analyse approfondie des strat\u00e9gies tarifaires adopt\u00e9es par les attractions au Qu\u00e9bec. Il met en lumi\u00e8re les pratiques actuelles et innovantes pour optimiser les revenus et l&rsquo;engagement des participant(e)s.<\/p>\n<p>Nos membres devraient commander ce document pour mieux comprendre les dynamiques tarifaires actuelles, ajuster leurs strat\u00e9gies de prix pour attirer plus de visiteur(-euse)s et optimiser leurs revenus en fonction des tendances et des attentes du public. Cela leur permettra de maximiser leur impact et leur succ\u00e8s.<\/p>\n","protected":false},"excerpt":{"rendered":"<p>En 2025, 83.8% des attractions exigent un tarif d\u2019entr\u00e9e, une proportion comparable d\u2019une zone g\u00e9ographique \u00e0 l\u2019autre.<\/p>\n","protected":false},"featured_media":905,"template":"","meta":[],"class_list":{"0":"post-904","1":"product","2":"type-product","3":"status-publish","4":"has-post-thumbnail","6":"tags-nouveau","7":"thematiques-developpement-de-produits","8":"thematiques-outils-de-gestion","9":"dates-79","10":"formats-rapport","11":"acces-accessible-a-tous","12":"tarifs-gratuit-pour-les-membres","13":"tarifs-payant-pour-les-non-membres","14":"cibles-attractions-touristiques","15":"mentions-ce-contenu-a-ete-realise-par-lequipe-recherche-et-intelligence-daffaires-deaq","16":"contact-rechercheeaq-quebec","18":"first","19":"instock","20":"downloadable","21":"virtual","22":"sold-individually","23":"taxable","24":"purchasable","25":"product-type-simple"},"_links":{"self":[{"href":"https:\/\/www.evenementsattractions.quebec\/boutique\/wp-json\/wp\/v2\/product\/904","targetHints":{"allow":["GET"]}}],"collection":[{"href":"https:\/\/www.evenementsattractions.quebec\/boutique\/wp-json\/wp\/v2\/product"}],"about":[{"href":"https:\/\/www.evenementsattractions.quebec\/boutique\/wp-json\/wp\/v2\/types\/product"}],"wp:featuredmedia":[{"embeddable":true,"href":"https:\/\/www.evenementsattractions.quebec\/boutique\/wp-json\/wp\/v2\/media\/905"}],"wp:attachment":[{"href":"https:\/\/www.evenementsattractions.quebec\/boutique\/wp-json\/wp\/v2\/media?parent=904"}],"curies":[{"name":"wp","href":"https:\/\/api.w.org\/{rel}","templated":true}]}}