{"id":600,"date":"2025-08-20T09:03:31","date_gmt":"2025-08-20T13:03:31","guid":{"rendered":"https:\/\/www.evenementsattractions.quebec\/boutique\/?post_type=product&#038;p=600"},"modified":"2025-11-27T10:46:51","modified_gmt":"2025-11-27T15:46:51","slug":"attentes-des-visiteurs-en-matiere-decoresponsabilite","status":"publish","type":"product","link":"https:\/\/www.evenementsattractions.quebec\/boutique\/produit\/attentes-des-visiteurs-en-matiere-decoresponsabilite\/","title":{"rendered":"Attentes des visiteurs en mati\u00e8re d\u2019\u00e9coresponsabilit\u00e9"},"content":{"rendered":"<p>Les festivals, \u00e9v\u00e9nements et attractions touristiques adoptent de plus en plus d\u2019initiatives durables, mais qu\u2019en pensent r\u00e9ellement les visiteur(euse)s?<\/p>\n<p>Cette infographie, fond\u00e9e sur une \u00e9tude men\u00e9e aupr\u00e8s de 309 participant(e)s, met en lumi\u00e8re leurs attentes en mati\u00e8re de d\u00e9veloppement durable, leur niveau de satisfaction, ainsi que l\u2019impact per\u00e7u des initiatives mises en place. Elle propose \u00e9galement des recommandations concr\u00e8tes pour aider les organisations \u00e0 mieux r\u00e9pondre aux besoins et aux d\u00e9fis du secteur.<\/p>\n","protected":false},"excerpt":{"rendered":"<p>Selon cette \u00e9tude, 65% des r\u00e9pondants d\u00e9clarent avoir des attentes particuli\u00e8res en mati\u00e8re d\u2019\u00e9coresponsabilit\u00e9.<\/p>\n","protected":false},"featured_media":636,"template":"","meta":[],"class_list":{"0":"post-600","1":"product","2":"type-product","3":"status-publish","4":"has-post-thumbnail","6":"thematiques-developpement-durable","7":"dates-50","8":"formats-infographie","9":"acces-accessible-a-tous","10":"tarifs-gratuit-pour-tous","11":"cibles-festivals-et-evenements","12":"cibles-attractions-touristiques","13":"cibles-corporations-touristiques","14":"mentions-ce-contenu-a-ete-realise-par-lequipe-recherche-et-intelligence-daffaires-deaq","15":"contact-viragedurableeaq-quebec","17":"first","18":"instock","19":"downloadable","20":"virtual","21":"sold-individually","22":"taxable","23":"purchasable","24":"product-type-simple"},"_links":{"self":[{"href":"https:\/\/www.evenementsattractions.quebec\/boutique\/wp-json\/wp\/v2\/product\/600","targetHints":{"allow":["GET"]}}],"collection":[{"href":"https:\/\/www.evenementsattractions.quebec\/boutique\/wp-json\/wp\/v2\/product"}],"about":[{"href":"https:\/\/www.evenementsattractions.quebec\/boutique\/wp-json\/wp\/v2\/types\/product"}],"wp:featuredmedia":[{"embeddable":true,"href":"https:\/\/www.evenementsattractions.quebec\/boutique\/wp-json\/wp\/v2\/media\/636"}],"wp:attachment":[{"href":"https:\/\/www.evenementsattractions.quebec\/boutique\/wp-json\/wp\/v2\/media?parent=600"}],"curies":[{"name":"wp","href":"https:\/\/api.w.org\/{rel}","templated":true}]}}