{"id":513,"date":"2025-06-11T10:37:02","date_gmt":"2025-06-11T14:37:02","guid":{"rendered":"https:\/\/www.evenementsattractions.quebec\/boutique\/?post_type=product&#038;p=513"},"modified":"2025-10-15T10:58:52","modified_gmt":"2025-10-15T14:58:52","slug":"inspirez-confiance-grace-a-une-communication-ecoresponsable","status":"publish","type":"product","link":"https:\/\/www.evenementsattractions.quebec\/boutique\/produit\/inspirez-confiance-grace-a-une-communication-ecoresponsable\/","title":{"rendered":"Inspirez confiance gr\u00e2ce \u00e0 une communication \u00e9coresponsable"},"content":{"rendered":"<p>Le feuillet explore l&rsquo;importance de la communication responsable au sein des organisations membres d&rsquo;\u00c9v\u00e9nements Attractions Qu\u00e9bec (\u00c9AQ), et notamment les d\u00e9fis et les opportunit\u00e9s li\u00e9s \u00e0 la communication des pratiques \u00e9coresponsables.<\/p>\n<p>L\u2019enqu\u00eate r\u00e9v\u00e8le que 90 % des voyageur(-euse)s recherchent des options \u00e9coresponsables, mais les consommateur(-rice)s font peu confiance aux organisations pour v\u00e9hiculer des informations fiables. De plus, 47 % des membres d&rsquo;\u00c9AQ sont formellement engag\u00e9s dans une d\u00e9marche de d\u00e9veloppement durable ou de responsabilit\u00e9 sociale d&rsquo;entreprise et 25 % des membres communiquent r\u00e9guli\u00e8rement \u00e0 l&rsquo;interne sur leurs objectifs et progr\u00e8s en mati\u00e8re de d\u00e9veloppement durable.<\/p>\n<p>Commander ce feuillet permet aux festivals, \u00e9v\u00e9nements et attractions touristiques de mieux comprendre comment communiquer efficacement leurs pratiques responsables, d&rsquo;\u00e9viter les pi\u00e8ges de l&rsquo;\u00e9coblanchiment et de renforcer la confiance des consommateur(-rice)s et des parties prenantes.<\/p>\n","protected":false},"excerpt":{"rendered":"<p>90 % des voyageur(-euse)s recherchent des options \u00e9coresponsables, mais les consommateur(-rice)s font peu confiance aux organisations pour v\u00e9hiculer des informations fiables. Cette donn\u00e9e souligne l\u2019importance de la communication responsable pour gagner la confiance des consommateur(-rice)s.<\/p>\n","protected":false},"featured_media":668,"template":"","meta":[],"class_list":{"0":"post-513","1":"product","2":"type-product","3":"status-publish","4":"has-post-thumbnail","6":"thematiques-developpement-durable","7":"dates-anterieures","8":"formats-feuillet","9":"acces-accessible-a-tous","10":"tarifs-gratuit-pour-les-membres","11":"tarifs-payant-pour-les-non-membres","12":"cibles-festivals-et-evenements","13":"cibles-attractions-touristiques","14":"cibles-corporations-touristiques","15":"mentions-ce-contenu-a-ete-realise-par-lequipe-recherche-et-intelligence-daffaires-deaq","16":"contact-rechercheeaq-quebec","18":"first","19":"instock","20":"downloadable","21":"virtual","22":"sold-individually","23":"taxable","24":"purchasable","25":"product-type-simple"},"_links":{"self":[{"href":"https:\/\/www.evenementsattractions.quebec\/boutique\/wp-json\/wp\/v2\/product\/513","targetHints":{"allow":["GET"]}}],"collection":[{"href":"https:\/\/www.evenementsattractions.quebec\/boutique\/wp-json\/wp\/v2\/product"}],"about":[{"href":"https:\/\/www.evenementsattractions.quebec\/boutique\/wp-json\/wp\/v2\/types\/product"}],"wp:featuredmedia":[{"embeddable":true,"href":"https:\/\/www.evenementsattractions.quebec\/boutique\/wp-json\/wp\/v2\/media\/668"}],"wp:attachment":[{"href":"https:\/\/www.evenementsattractions.quebec\/boutique\/wp-json\/wp\/v2\/media?parent=513"}],"curies":[{"name":"wp","href":"https:\/\/api.w.org\/{rel}","templated":true}]}}