{"id":503,"date":"2025-06-10T11:50:07","date_gmt":"2025-06-10T15:50:07","guid":{"rendered":"https:\/\/www.evenementsattractions.quebec\/boutique\/?post_type=product&#038;p=503"},"modified":"2025-08-19T10:37:22","modified_gmt":"2025-08-19T14:37:22","slug":"outillez-vous-pour-des-pratiques-sociales-optimales","status":"publish","type":"product","link":"https:\/\/www.evenementsattractions.quebec\/boutique\/produit\/outillez-vous-pour-des-pratiques-sociales-optimales\/","title":{"rendered":"Outillez-vous pour des pratiques sociales optimales"},"content":{"rendered":"<p>Le feuillet pr\u00e9sente le Mod\u00e8le d&rsquo;\u00c9valuation des Pratiques Sociales (MEPS), un outil standardis\u00e9 pour \u00e9valuer et am\u00e9liorer les pratiques sociales des organisations \u0153uvrant dans le secteur des festivals. \u00c9v\u00e9nements et attractions touristiques.<\/p>\n<p>Gr\u00e2ce \u00e0 la formation MEPS, 86 % des participant(e)s ont acquis de nouvelles connaissances et 100 % se sentent mieux \u00e9quip\u00e9(e)s pour aborder les questions de responsabilit\u00e9 sociale. Cet outil a notamment permis de d\u00e9terminer que 92 % des festivals et \u00e9v\u00e9nements ont collabor\u00e9 avec des artistes et artisan(e)s locaux(-les) lors de leur derni\u00e8re \u00e9dition et 83 % des organisations ont mis en place des solutions facilitant le covoiturage et le transport en commun. Commander ce feuillet permet aux organisations de mieux comprendre les diff\u00e9rentes pratiques sociales durables et les fa\u00e7ons de les int\u00e9grer pour am\u00e9liorer leur image de marque et renforcer leurs partenariats locaux, tout en assurant une croissance responsable et \u00e9thique.<\/p>\n","protected":false},"excerpt":{"rendered":"<p>Gr\u00e2ce \u00e0 la formation MEPS, 86 % des participant(e)s ont acquis de nouvelles connaissances et 100 % se sentent mieux \u00e9quip\u00e9(e)s pour aborder les questions de responsabilit\u00e9 sociale, d\u00e9montrant l\u2019efficacit\u00e9 irr\u00e9vocable du MEPS dans l\u2019avancement de l\u2019implantation des pratiques sociales au sein des organisations touristiques.<\/p>\n","protected":false},"featured_media":575,"template":"","meta":[],"class_list":{"0":"post-503","1":"product","2":"type-product","3":"status-publish","4":"has-post-thumbnail","6":"thematiques-developpement-durable","7":"dates-49","8":"formats-feuillet","9":"acces-accessible-a-tous","10":"tarifs-gratuit-pour-les-membres","11":"tarifs-payant-pour-les-non-membres","12":"cibles-festivals-et-evenements","13":"cibles-attractions-touristiques","14":"cibles-corporations-touristiques","15":"mentions-ce-contenu-a-ete-realise-par-lequipe-recherche-et-intelligence-daffaires-deaq","16":"contact-rechercheeaq-quebec","18":"first","19":"instock","20":"downloadable","21":"virtual","22":"sold-individually","23":"taxable","24":"purchasable","25":"product-type-simple"},"_links":{"self":[{"href":"https:\/\/www.evenementsattractions.quebec\/boutique\/wp-json\/wp\/v2\/product\/503","targetHints":{"allow":["GET"]}}],"collection":[{"href":"https:\/\/www.evenementsattractions.quebec\/boutique\/wp-json\/wp\/v2\/product"}],"about":[{"href":"https:\/\/www.evenementsattractions.quebec\/boutique\/wp-json\/wp\/v2\/types\/product"}],"wp:featuredmedia":[{"embeddable":true,"href":"https:\/\/www.evenementsattractions.quebec\/boutique\/wp-json\/wp\/v2\/media\/575"}],"wp:attachment":[{"href":"https:\/\/www.evenementsattractions.quebec\/boutique\/wp-json\/wp\/v2\/media?parent=503"}],"curies":[{"name":"wp","href":"https:\/\/api.w.org\/{rel}","templated":true}]}}