{"id":470,"date":"2025-05-23T14:25:37","date_gmt":"2025-05-23T18:25:37","guid":{"rendered":"https:\/\/www.evenementsattractions.quebec\/boutique\/?post_type=product&#038;p=470"},"modified":"2025-09-17T15:03:56","modified_gmt":"2025-09-17T19:03:56","slug":"guide-daccompagnement-vers-des-evenements-carboneutres-etape-2-la-comptabilisation","status":"publish","type":"product","link":"https:\/\/www.evenementsattractions.quebec\/boutique\/produit\/guide-daccompagnement-vers-des-evenements-carboneutres-etape-2-la-comptabilisation\/","title":{"rendered":"Guide d\u2019accompagnement vers des \u00e9v\u00e9nements carboneutres \u2013 \u00c9tape 2 : la comptabilisation"},"content":{"rendered":"<p>L\u2019infographie pr\u00e9sente la deuxi\u00e8me \u00e9tape qu\u2019un \u00e9v\u00e9nement peut entreprendre pour r\u00e9duire son empreinte carbone, \u00e0 savoir la comptabilisation de ses \u00e9missions de GES. Ind\u00e9pendamment de l\u2019outil utilis\u00e9 pour les comptabiliser, plusieurs facteurs de succ\u00e8s doivent imp\u00e9rativement \u00eatre pris en compte concernant l\u2019\u00e9chantillon et les param\u00e8tres de l\u2019outil.<\/p>\n<p>Les organisateur(-rice)s d\u2019\u00e9v\u00e9nements gagneraient \u00e0 commander cette infographie pour bonifier leur processus de comptabilisation des \u00e9missions de GES et optimiser le recueil d\u2019informations ad\u00e9quates.<\/p>\n","protected":false},"excerpt":{"rendered":"<p>Utiliser le plus grand nombre d\u2019indicateurs possible et poser des questions pr\u00e9cises optimisent les chances de recueillir des informations pr\u00e9cises.<\/p>\n","protected":false},"featured_media":670,"template":"","meta":[],"class_list":{"0":"post-470","1":"product","2":"type-product","3":"status-publish","4":"has-post-thumbnail","6":"thematiques-developpement-durable","7":"dates-48","8":"formats-infographie","9":"acces-accessible-a-tous","10":"tarifs-gratuit-pour-tous","11":"cibles-festivals-et-evenements","12":"mentions-ce-contenu-a-ete-realise-par-lequipe-recherche-et-intelligence-daffaires-deaq","13":"contact-rechercheeaq-quebec","15":"first","16":"instock","17":"downloadable","18":"virtual","19":"sold-individually","20":"taxable","21":"purchasable","22":"product-type-simple"},"_links":{"self":[{"href":"https:\/\/www.evenementsattractions.quebec\/boutique\/wp-json\/wp\/v2\/product\/470","targetHints":{"allow":["GET"]}}],"collection":[{"href":"https:\/\/www.evenementsattractions.quebec\/boutique\/wp-json\/wp\/v2\/product"}],"about":[{"href":"https:\/\/www.evenementsattractions.quebec\/boutique\/wp-json\/wp\/v2\/types\/product"}],"wp:featuredmedia":[{"embeddable":true,"href":"https:\/\/www.evenementsattractions.quebec\/boutique\/wp-json\/wp\/v2\/media\/670"}],"wp:attachment":[{"href":"https:\/\/www.evenementsattractions.quebec\/boutique\/wp-json\/wp\/v2\/media?parent=470"}],"curies":[{"name":"wp","href":"https:\/\/api.w.org\/{rel}","templated":true}]}}