{"id":180,"date":"2025-03-10T10:14:42","date_gmt":"2025-03-10T14:14:42","guid":{"rendered":"https:\/\/evenementsattractions.quebec\/boutique\/?post_type=product&#038;p=180"},"modified":"2025-09-17T14:28:25","modified_gmt":"2025-09-17T18:28:25","slug":"portrait-financier-2023-des-festivals-et-evenements-membres-deaq-2024","status":"publish","type":"product","link":"https:\/\/www.evenementsattractions.quebec\/boutique\/produit\/portrait-financier-2023-des-festivals-et-evenements-membres-deaq-2024\/","title":{"rendered":"Portrait financier 2023 des festivals et \u00e9v\u00e9nements membres d\u2019\u00c9AQ"},"content":{"rendered":"<p>Le document offre une analyse d\u00e9taill\u00e9e des revenus et d\u00e9penses des festivals et \u00e9v\u00e9nements membres d&rsquo;\u00c9v\u00e9nements Attractions Qu\u00e9bec pour l\u2019ann\u00e9e 2023. Il met \u00e9galement en lumi\u00e8re les d\u00e9fis auxquels ces membres sont confront\u00e9s. Le premier fait saillant concerne les r\u00e9sultats financiers des membres pour l\u2019ann\u00e9e 2023. Un peu moins de la moiti\u00e9 des \u00e9v\u00e9nements (48,5 %) ont g\u00e9n\u00e9r\u00e9 un b\u00e9n\u00e9fice, tandis que 51,5 % ont enregistr\u00e9 un d\u00e9ficit, une ann\u00e9e fortement touch\u00e9e par l&rsquo;inflation. De plus, la r\u00e9partition des revenus des festivals et \u00e9v\u00e9nements. Les revenus d&rsquo;activit\u00e9s constituent la principale source de leur financement, comptant pour 42,4 % des revenus totaux. Enfin, les subventions publiques et les commandites contribuent presque \u00e9galement aux revenus, repr\u00e9sentant respectivement 24,6 % et 25,3 %.<\/p>\n<p>En commandant ce rapport, nos membres auront l\u2019opportunit\u00e9 de mieux comprendre le profil financier du secteur, de comparer et ajuster leurs strat\u00e9gies de gestion financi\u00e8re, et d\u2019optimiser leur planification budg\u00e9taire en fonction.<\/p>\n","protected":false},"excerpt":{"rendered":"<p>Un peu moins de la moiti\u00e9 (48,5 %) des festivals et \u00e9v\u00e9nements membres d\u2019\u00c9v\u00e9nements Attractions Qu\u00e9bec ont g\u00e9n\u00e9r\u00e9 un b\u00e9n\u00e9fice, tandis que 51,5 % ont enregistr\u00e9 un d\u00e9ficit en 2023.<\/p>\n","protected":false},"featured_media":678,"template":"","meta":[],"class_list":{"0":"post-180","1":"product","2":"type-product","3":"status-publish","4":"has-post-thumbnail","6":"thematiques-outils-de-gestion","7":"dates-49","8":"formats-infographie","9":"acces-accessible-a-tous","10":"tarifs-gratuit-pour-tous","11":"cibles-festivals-et-evenements","12":"contact-rechercheeaq-quebec","14":"first","15":"instock","16":"downloadable","17":"virtual","18":"sold-individually","19":"taxable","20":"purchasable","21":"product-type-simple"},"_links":{"self":[{"href":"https:\/\/www.evenementsattractions.quebec\/boutique\/wp-json\/wp\/v2\/product\/180","targetHints":{"allow":["GET"]}}],"collection":[{"href":"https:\/\/www.evenementsattractions.quebec\/boutique\/wp-json\/wp\/v2\/product"}],"about":[{"href":"https:\/\/www.evenementsattractions.quebec\/boutique\/wp-json\/wp\/v2\/types\/product"}],"wp:featuredmedia":[{"embeddable":true,"href":"https:\/\/www.evenementsattractions.quebec\/boutique\/wp-json\/wp\/v2\/media\/678"}],"wp:attachment":[{"href":"https:\/\/www.evenementsattractions.quebec\/boutique\/wp-json\/wp\/v2\/media?parent=180"}],"curies":[{"name":"wp","href":"https:\/\/api.w.org\/{rel}","templated":true}]}}